actors of j?
2, 3
Let z = 211 + -408. Let s = z + 300. What are the prime factors of s?
103
Let q(s) = 2*s**3 + 27*s**2 + 16*s - 9. Let d be q(-13). List the prime factors of 146/6 - d/(-36).
23
What are the prime factors of 2/12 + 133625/150?
3, 11
Let u be (-38)/(-8) + 1/4. Suppose -u*f = -11 - 4. Suppose 4*k - 2*m = f*k + 23, -5*k + 3*m + 122 = 0. What are the prime factors of k?
5
Let m = 1823 + -1076. What are the prime factors of m?
3, 83
Let v(z) = 2*z - 5. Suppose 2*y + y + 5*i + 73 = 0, 0 = -5*i - 25. Let l be v(y). Let b = l + 66. What are the prime factors of b?
29
What are the prime factors of (4 + 3)*-1*-86?
2, 7, 43
Let g be (1 + 0)/(5/110). Suppose 5*a - g = 3. Suppose -2*y = -a*y + 51. What are the prime factors of y?
17
Suppose 4*f - 3 = 4*t + 17, 5*f - 3*t = 19. Let w be f + 1 - (-32)/1. Suppose -5*b = 2*m + 15, 3*m + 0*m - w = 4*b. List the prime factors of m.
5
Suppose h = 2*h - 22. Let w be 15/(-18) + (-1111)/(-66). Suppose -h - w = -2*q. What are the prime factors of q?
19
Let g = -3 + 11. Suppose 11*f - 3*f = 40. Suppose 0 = -2*x - f*i + 100, -g*x + 2*i + 221 = -3*x. List the prime factors of x.
3, 5
Suppose 5*u - 6120 - 1695 = 0. List the prime factors of u.
3, 521
Let q(j) = j**3 - 6*j**2 + j + 6. Let f be q(6). Suppose 0 = -0*p + 5*p + 3*y - 36, -4*y - f = 0. List the prime factors of (p - 11)/((-4)/18).
3
Let u(h) = 2*h**2 + 15*h + 143. What are the prime factors of u(27)?
2, 17, 59
Let i(r) = r**3 + 18*r**2 + 15*r - 31. Let h be i(-17). Suppose h*g - 303 = 567. What are the prime factors of g?
2, 5, 29
Let c(m) = -44*m**3 + 15*m**2 - 4. List the prime factors of c(-2).
2, 3, 17
Suppose 2*q = 1476 + 692. What are the prime factors of q?
2, 271
Let v(j) = 2*j**2 - 16*j - 12. Suppose 5*f + 4 = 9*f. Let b be 2 + (f - -2) + 4. What are the prime factors of v(b)?
2, 3
Suppose -3*d - 4 = -31. Suppose -d - 7 = 4*t. Let w = 28 + t. List the prime factors of w.
2, 3
Suppose 20*g - 163 - 57 = 0. List the prime factors of ((-1)/(-6)*14)/(g/231).
7
Let c be (4/(-6))/(6/99). Let z(m) = -m**2 - 15*m + 2. What are the prime factors of z(c)?
2, 23
Let p be 14/(-63) - (-94)/18. Suppose -p*y = -5*v + 455, y + 0 - 3 = 0. List the prime factors of v.
2, 47
List the prime factors of (-9)/(270/(-12)) - (-1528)/5.
2, 3, 17
Suppose 4*f = 11 + 17. Suppose f*k - 1189 = -370. What are the prime factors of k?
3, 13
Let o(n) = n**2 + 2*n + 0*n + 2*n + 1. Suppose 3*g = -6, 5*g = -4*y - 27 - 3. What are the prime factors of o(y)?
2, 3
Suppose 34 = 5*d - 2*v + 3*v, -4*d + 2*v + 16 = 0. List the prime factors of (-2)/d + 16716/63.
5, 53
Suppose -42 = -z - 2*z. Let w = z - -4. Let s = w - 15. What are the prime factors of s?
3
Suppose -4*v - 5 = h, h + 5*v = 6*h - 50. Let d be -3 + 7 + -5 + -2. What are the prime factors of 20 + 2 - (h + d)?
2, 3
Suppose 15*c = 16*c - 516. What are the prime factors of c?
2, 3, 43
Let v(l) = 49*l**2 - 11*l + 25. List the prime factors of v(4).
3, 5, 17
Suppose 80 = 6*s - s. Suppose f + 3*x - 4 = 0, 4*f - s = -x + 5*x. Suppose 0 = -2*r + 5*l + 23, 37 = f*r - l - 0*l. What are the prime factors of r?
3
Let h = -2418 + 3270. List the prime factors of h.
2, 3, 71
Suppose 4 = 3*g + 13. Let p = g - -18. What are the prime factors of p?
3, 5
Suppose 4*z = -5*g, -2*z + 4*z = 5*g. Suppose -6*r + 10 = -r. Suppose 4*v + 7 = -r*a + 65, -a - v + 29 = z. List the prime factors of a.
29
Suppose 4*j - 68 = -84. What are the prime factors of 162 - j/(-3)*27/12?
3, 53
Suppose 5*g - 36 = 2*g + 3*r, 71 = 3*g + 4*r. Suppose -2*o - g = 3. Let k = -2 - o. List the prime factors of k.
2
Suppose -6*u + 485 = -289. Suppose -5*n = 4*b - 179 - u, -3*n - 3*b = -186. List the prime factors of n.
2, 3, 5
Suppose 79 = q - 2*m, 9*m - 205 = -3*q + 7*m. List the prime factors of q.
71
Let z(i) be the third derivative of -i**6/120 + i**5/5 + i**4/24 + i**3/3 + 2*i**2 + 17. Let u = -11 + 23. List the prime factors of z(u).
2, 7
List the prime factors of 101092/(-381)*((-1 - 0) + -2).
2, 199
Let k = 23 - -291. What are the prime factors of k?
2, 157
Suppose -13*h - 14 = -1. List the prime factors of -44*1*(h - 0).
2, 11
Suppose 2*g = 4*h - 20, 0 = 3*g + 3*h - 9 + 21. Let k = g - -6. Suppose -69 = -k*o - 3*o. What are the prime factors of o?
23
Let r(h) be the first derivative of 2*h**2 - 2*h + 8. Let k be r(-8). Let i = k - -50. List the prime factors of i.
2
Let d be (18/15)/(14/20 + -1). List the prime factors of d/2 - -2 - (-95 - 1).
2, 3
Let k = 15 - 9. What are the prime factors of 8/k*(22 - 10)?
2
Let a(f) = 15*f**2 - 2*f + 1. Let x be a(1). Let d = x + 28. List the prime factors of d.
2, 3, 7
Suppose -2*y - y = -2*u + 206, -77 = -u - 5*y. What are the prime factors of (-4 - 0 - -3) + u?
2, 3
Let u(y) = y**3 - 3*y**2 + y + 3. Let g be (1 - 3)/(-4)*8. List the prime factors of u(g).
23
Let b = -237 - -385. Let i = -82 + b. List the prime factors of i.
2, 3, 11
Suppose -2*w = -3*w + 3, 3*z + w = 9. Suppose -z*b = 6*b - 24. What are the prime factors of b?
3
Suppose -c - 3*c - 24 = -2*a, -2*a - 5*c = 12. Suppose 3*o + 2*b = 6*b + 168, -132 = -2*o - a*b. What are the prime factors of o?
2, 3, 5
Let c(t) = 3*t**2 + 2*t**2 + 5 - 6*t**2 - 10*t. Let p be c(-8). Suppose 19*i = p*i - 16. What are the prime factors of i?
2
Let m = -35 - -19. What are the prime factors of -8*-2*(-52)/m?
2, 13
Suppose 4*s + 8 = -4*d + 3*d, -3*d - 11 = -s. Let c be (18/(-12))/(s/2). Suppose 0 = 5*l - 4*l - c. List the prime factors of l.
3
Let b(f) = -87*f - 58. List the prime factors of b(-6).
2, 29
Suppose -14*x = -11*x - 1014. Suppose 3*k - 765 = m - 238, 2*k - x = 4*m. List the prime factors of k/4 - 2/8.
2, 11
List the prime factors of 21*(-7 - (-1370)/15).
7, 11, 23
Suppose -3*q + 0*q + 949 = 4*v, -4*q + 4*v + 1256 = 0. Let l = 12 - 9. Suppose -4*d = -5*d + l*n + 67, -5*d - 5*n + q = 0. List the prime factors of d.
2
Suppose 12075 = -21*c + 35070. List the prime factors of c.
3, 5, 73
Let p(d) = -5*d**3 + 4*d**2 + 8*d - 3. What are the prime factors of p(-5)?
2, 11, 31
Let d(x) = x + 2. Let p be d(3). Suppose -p*k = -51 - 14. Suppose 82 = 4*z + 2*s, -z + s = -0*z - k. List the prime factors of z.
2, 3
Suppose 12 = -9*o + 12*o. Suppose 3*k = -t + 128, 2*k = o*t - 818 + 292. List the prime factors of t.
131
Let l be 2*(-4)/8 + 3. Suppose -n + x = 5*x - 28, -4*n - l*x = -168. List the prime factors of n.
2, 11
Suppose 4*p - 99 - 41 = -4*g, -2*g - 3*p + 72 = 0. Let i = g + 78. What are the prime factors of i?
3, 37
Let w(p) = p**2 - 9*p - 18. Let h be w(9). Let d = 62 - h. List the prime factors of d.
2, 5
Let s = -42 - -46. Suppose -y + 1089 = 3*y + x, s*y - 1087 = x. List the prime factors of y.
2, 17
Suppose -3*v + 435 + 198 = 0. List the prime factors of v.
211
Let j = -48 + 50. Suppose m - 156 = -6*x + j*x, -4*x + 4*m = -156. List the prime factors of x.
3, 13
Suppose 4*q - 157 = 143. List the prime factors of q.
3, 5
Let m(g) = g**2 + g**3 - 1 - 18*g - 9*g**2 + 12*g + 6. Let f(q) = -q**3 + 7*q**2 + 6*q - 5. Let l(u) = 3*f(u) + 2*m(u). What are the prime factors of l(4)?
5, 7
Suppose 3*k = 2*l - 7*l + 21, 0 = -k + 4*l - 10. Suppose 0 = -4*z - k*i + 228, -2 = -4*i + 6. Let q = -7 + z. List the prime factors of q.
7
Suppose -1 = -2*d + 5, -15755 = -5*c - 5*d. What are the prime factors of c?
2, 787
Let y(v) = 367*v**3 - 9*v**2 + 18*v - 3. List the prime factors of y(2).
7, 419
Let m(q) = 2*q**3 + 7*q**2 - 39*q - 45. Let z(o) = o**3 + 3*o**2 - 20*o - 23. Let b(f) = -3*m(f) + 5*z(f). What are the prime factors of b(-9)?
2, 5, 11
Let i(r) = 474*r - 347. List the prime factors of i(5).
7, 17
Suppose 6*a + 22 = 7*a. Let n = 31 - a. List the prime factors of n.
3
Let p(g) = -g**3 - 19*g**2 - 21*g + 19. Let n be p(-18). Suppose -5*k - o = -n, -k + 24 - 3 = -3*o. List the prime factors of k.
3, 5
Suppose 21 = -2*h - h. Let p be 12/(-21)*h/2. Suppose -3 = p*r - 47. What are the prime factors of r?
2, 11
Let z(q) = 205*q + 513. What are the prime factors of z(20)?
7, 659
Suppose 0 = -4*a + 960 + 788. List the prime factors of a.
19, 23
Let v be (-2 - 0)/((-20)/30). List the prime factors of 2/((-95)/32 + v).
2
Let z = -7 + 16. Let d be (-6)/z + (-53)/(-3). Let t = 0 + d. List the prime factors of t.
17
Suppose -6*u - 193 = -u - 2*z, -4*u - 152 = -z. Let b(q) = 65*q**2 + q - 2. L